4*l - 162, 4*l + 75 + 89 = -4*m. Let a be l/(2/4*-3). Let v be (-1761)/(-27) - (-5)/(135/(-6)). What is the greatest common divisor of v and a?
13
Let b(m) = -7*m - 7. Let v(g) = 5*g + 3*g + 4*g - 6*g + 7. Let k(j) = 5*b(j) + 4*v(j). Let q be k(-5). What is the greatest common divisor of q and 16?
16
Suppose -5*v = -38 + 13. Let m be v/3 - (-2)/6. Suppose m*r - 10 = -3*i, 18 = -0*i + 5*i + 2*r. Calculate the highest common factor of 44 and i.
4
Suppose -2*d - 3*k + 45 = d, -5*d + 3*k + 83 = 0. What is the highest common divisor of d and 24?
8
Let u(n) = -3*n**3 + 2*n**2 - n - 3. Let s be u(-1). Let l = 1 - 0. What is the greatest common factor of l and s?
1
Let k(b) = b**3 + 4*b**2 - b - 1. Let j be k(-4). Let f = j - -13. What is the highest common divisor of 144 and f?
16
Let f be 2/((3 - 4)/(-1)). Let i = -10 - f. Let a be (-94)/i - (-1)/6. What is the greatest common divisor of 2 and a?
2
Let l(t) = -t**2 + 7*t + 4. Let j be l(6). Let k = j + -5. Suppose 7 = -6*v + 3*v + 5*o, -o - 25 = -k*v. Calculate the greatest common divisor of v and 2.
2
Let i be ((-44)/(-10))/(2/10). Let j be (-180)/i - (-2)/11. Let n be (-2)/(-8) + (-102)/j. Calculate the greatest common factor of n and 91.
13
Let p be (-2)/(-7) + 162/21. Let r be 2/1*38/(-4). Let z = r + 27. Calculate the greatest common factor of z and p.
8
Suppose l + 27 = -v, 2*l = v - 30 - 33. Let o be -2 + -2 + l + 3. Let q = 55 + o. What is the highest common factor of q and 4?
4
Let k = 81 - 47. Suppose 0*j - 5*j = -255. Calculate the greatest common factor of j and k.
17
Let l = 11 + -9. Suppose 3*p = o - 51, -l*p = 2*o - 35 - 43. Let s be (6/7)/((-3)/(-21)). What is the highest common factor of o and s?
6
Let k be 6/(-6) - (-9)/3. Suppose -k*p - 3*p + 20 = 0. Calculate the highest common factor of p and 32.
4
Let s = 51 + -23. Suppose t - 7 = s. Calculate the highest common factor of t and 7.
7
Let n(o) = -o**3 + 8*o**2 - 7*o - 4. Let m be n(6). Let k = 777 - 412. Let l = -235 + k. What is the greatest common divisor of m and l?
26
Let b be (42/10)/(1/10). Suppose 1064 = -9*m + 47*m. Calculate the highest common factor of m and b.
14
Suppose 8*q = 4*q + 4. Let m = 3 - 2. What is the greatest common factor of q and m?
1
Suppose 0*d = -b + 3*d - 11, 4*b = -4*d + 36. Suppose b*s - 550 = -46. What is the greatest common divisor of 14 and s?
14
Suppose 0*q - 4*q = -168. Let y be 38/8 - 21/28. Suppose 4*b - 24 = y*o, 5*b - 5*o = -3*o + q. Calculate the highest common factor of 30 and b.
10
Let r(b) = 2*b - 2. Let q be r(1). Let l = q - -2. Calculate the greatest common factor of 3 and l.
1
Let p be 0 + (-1 - -2) - -1. Let a(h) = -4*h**2 + 5*h**2 + p*h - 4 + 0*h + 1. Let c be a(-5). Calculate the greatest common factor of c and 8.
4
Suppose 10*t = 728 - 128. Calculate the greatest common divisor of 24 and t.
12
Suppose 4*s = 3*s + 2. Suppose 0 = -s*a - 10 + 28. What is the greatest common divisor of a and 1?
1
Let r be (-3)/(-3 - 1*-2). Suppose -r*c + 7*c = 112. Suppose -3*g + 5*p = -6*g + c, 2*g = 3*p + 6. What is the greatest common divisor of 6 and g?
6
Let u(q) = 2*q - 7. Let i be u(7). Calculate the highest common factor of i and 35.
7
Let t(f) = f**3 + 9*f**2 - 9*f - 3. Let u be t(-8). Calculate the highest common divisor of u and 19.
19
Let p be ((-34)/12 - -3) + 221/6. Calculate the greatest common factor of p and 185.
37
Suppose 0 = -2*s - 3*s + 10. Let x(i) = i + 7. Let h be x(-5). Suppose -4*z + 20 = -0*z + 5*g, z - h*g = 18. Calculate the greatest common divisor of s and z.
2
Suppose 4*o - 3*t = 657, 0*o + 3*t = -4*o + 687. Suppose -3*q = -7*q + 84. Calculate the highest common factor of q and o.
21
Suppose -3*l + 0 = -9. Suppose l*z - 112 - 158 = 0. What is the greatest common divisor of 10 and z?
10
Let j = 7 - -2. What is the greatest common factor of j and 45?
9
Let l(s) = -s**3 + 6*s**2 - 5. Let r be l(4). Let v(m) = -6*m**2 + 3*m. Let k be v(3). Let a = 63 + k. Calculate the highest common divisor of r and a.
9
Let j = 9 + 61. Let h(b) = b**3 - 8*b**2 + 8*b + 7. Let a be h(7). Calculate the highest common factor of a and j.
14
Let x be (8/2 - 5)*-9. Calculate the highest common divisor of x and 81.
9
Let y be (-46)/(-2) - (3 - 3). Calculate the greatest common factor of 46 and y.
23
Suppose 0 = -2*b + 4*b - 22. Calculate the greatest common divisor of 99 and b.
11
Suppose -2*l + 3*y - 14 = 0, -4*l - 3*y + 15 = -7*l. Let k be l/4 - 130/(-8). Calculate the highest common divisor of 80 and k.
16
Let f = -3 - -4. Let z be (70 + f)/(4 + -3). Suppose -4*n - 4*r = -n - z, 4*r + 55 = 3*n. What is the highest common divisor of 3 and n?
3
Suppose d + 60 = 4*a, 3*a + d + 7 = 45. What is the highest common divisor of a and 112?
14
Let g be 6/10 - 18/5. Let n(k) = k**2 + 2*k + 3. Let f be n(g). Calculate the highest common factor of 42 and f.
6
Let k be (-3)/2*8/(-3). Let n(q) = q**3 - 4*q**2 - 13*q + 7. Let a be n(6). Calculate the greatest common factor of a and k.
1
Suppose 0 = -3*v + v - 60. Let l = -4 - v. What is the highest common factor of l and 65?
13
Suppose 54 = 8*i - 82. Calculate the greatest common factor of i and 153.
17
Let u = -17 + 45. Calculate the highest common factor of 42 and u.
14
Let w = 106 + -101. What is the highest common divisor of w and 35?
5
Suppose 3*m - 2*d = -2*m + 17, 2 = m + d. Calculate the highest common divisor of m and 6.
3
Let c(p) = -p**2 - 12*p + 4. Let u be c(-11). Let o = u + 7. What is the highest common factor of 2 and o?
2
Suppose -3*s + 8 = 3*j - 22, 3*s - 21 = -2*j. What is the greatest common factor of 3 and j?
3
Suppose 8*y - 3*p - 28 = 4*y, 0 = 2*p. What is the greatest common divisor of y and 63?
7
Let n(m) = 7*m**2 - 4*m. Let v(x) = -x**2 + 3*x + 4. Let h be v(3). Let s be n(h). Let a be s/(-10)*(-10)/3. What is the greatest common divisor of a and 48?
16
Suppose -4*s + 2*r = 46, -3*s + 6*s + 3*r + 12 = 0. Let k be (-376)/s + (-12)/(-54). Calculate the greatest common factor of k and 14.
14
Suppose -3*k - 60 = 5*f, -k - 4*k + 60 = -5*f. Let i = 14 + f. Calculate the highest common factor of i and 22.
2
Let v(o) = -o**2 + 2. Let d be (0/((-2)/(-1)))/2. Let m be v(d). Let c(w) = -w**2 + w + 10. Let l be c(0). What is the greatest common divisor of m and l?
2
Let j(s) = s**2 - 7*s - 6. Let u be j(-5). Calculate the highest common divisor of 18 and u.
18
Let j be ((-2)/4)/(2/(-76)). Let s = -6 + j. What is the highest common divisor of s and 104?
13
Let o(v) = 3*v**2 + 10*v + 1. Let q be o(5). Suppose -c - 24 = 2*c. Let r be 0 + -2*(1 + c). Calculate the greatest common factor of q and r.
14
Suppose 2*h + 54 = 8*h. Calculate the highest common divisor of 9 and h.
9
Suppose -8*c + 598 = 118. What is the highest common divisor of 12 and c?
12
Let t = -12 + 17. Suppose 4*q - 60 = -5*m, 4*q = 5*q + t*m - 30. Calculate the greatest common divisor of 50 and q.
10
Suppose -127 = -4*j - 3*h + 173, 3*j = 5*h + 225. Calculate the greatest common divisor of j and 15.
15
Let l(s) = -s**3 - 4*s**2 - 6*s - 5. Let f be l(-4). What is the highest common divisor of 209 and f?
19
Suppose -t = -6 + 2. Suppose -t*s + 4 = -3*s. Let w(l) = l - 1. Let z be w(s). What is the highest common divisor of 12 and z?
3
Suppose -2*z + 8 = 3*n, -5*z + 2*n + 3 + 36 = 0. Calculate the greatest common factor of z and 7.
7
Let o(w) = w**3 - 8*w**2 + 14*w + 2. Let l be o(9). Calculate the highest common divisor of l and 19.
19
Suppose -9 = -t - 2*t. Let p = -4 + 7. Suppose -w = t*a - 3, -p*a + 15 = 3*w - w. What is the highest common factor of w and 72?
12
Suppose 0*r + 194 = 2*v - 4*r, 3*v - r = 311. What is the highest common factor of v and 70?
35
Let g be -2 + 4/2 + 24. Let l be ((-30)/(-8))/(4/128). Suppose 0 = c, -c + l = 3*v - v. Calculate the highest common factor of v and g.
12
Let b be (-2)/(-13) + (-1396)/(-52). Let s = -17 + b. Calculate the greatest common factor of 70 and s.
10
Let x = -7 - -10. Let v(l) = -5*l + 3. Let s be v(-6). What is the highest common factor of s and x?
3
Let g(m) = -m - 2. Let q be g(-5). Let l be 293/q - (-2)/6. What is the greatest common factor of l and 14?
14
Let i be ((-36)/(-10))/((-5)/100). Let p be (-4)/22 - i/33. Calculate the highest common factor of 2 and p.
2
Suppose 0 = -3*m - 4*m + 70. What is the greatest common divisor